{"id":28,"date":"2016-02-17T14:31:45","date_gmt":"2016-02-17T13:31:45","guid":{"rendered":"http:\/\/biblioteka2.pwsz.chelm.pl\/?page_id=28"},"modified":"2025-01-02T13:44:50","modified_gmt":"2025-01-02T12:44:50","slug":"wypozyczenia-miedzybiblioteczne","status":"publish","type":"page","link":"https:\/\/biblioteka.panschelm.edu.pl\/?page_id=28","title":{"rendered":"Wypo\u017cyczenia mi\u0119dzybiblioteczne"},"content":{"rendered":"<p style=\"text-align: justify;\">Biblioteka PANS w Che\u0142mie sprowadza ksi\u0105\u017cki oraz kserokopie konkretnych artyku\u0142\u00f3w w ramach wypo\u017cycze\u0144 mi\u0119dzybibliotecznych na potrzeby pracownik\u00f3w i student\u00f3w Pa\u0144stwowej Akademii Nauk Stosowanych w Che\u0142mie. Wypo\u017cyczenia takie dotycz\u0105 tych dokument\u00f3w, kt\u00f3rych nie ma na terenie Che\u0142ma.<\/p>\n<p>Sprowadzone materia\u0142y udost\u0119pnia si\u0119 na miejscu w Czytelni G\u0142\u00f3wnej w okresie wyznaczonym przez bibliotek\u0119.<\/p>\n<p>Zam\u00f3wienia nale\u017cy sk\u0142ada\u0107 osobi\u015bcie w Wypo\u017cyczalni w godzinach pracy biblioteki.<\/p>\n<p style=\"text-align: center;\"><a href=\"\/wp-content\/uploads\/2025\/01\/formularz-wypozyczen-MB.docx\">Formularz zam\u00f3wienia<\/a><\/p>\n<p><strong>Formularz dost\u0119pny jest tak\u017ce w Wypo\u017cyczalni.<\/strong><\/p>\n<p>Szczeg\u00f3\u0142y realizacji wypo\u017cycze\u0144 mi\u0119dzybibliotecznych okre\u015bla\u00a0<a href=\"\/wp-content\/uploads\/2020\/10\/Zal.-nr-1-Regulamin-wypozyczen-miedzybibliotecznych.doc\">Regulamin wypo\u017cycze\u0144 mi\u0119dzybibliotecznych<\/a>.<\/p>\n","protected":false},"excerpt":{"rendered":"<p>Biblioteka PANS w Che\u0142mie sprowadza ksi\u0105\u017cki oraz kserokopie konkretnych artyku\u0142\u00f3w w ramach wypo\u017cycze\u0144 mi\u0119dzybibliotecznych na potrzeby pracownik\u00f3w i student\u00f3w Pa\u0144stwowej Akademii Nauk Stosowanych w Che\u0142mie. Wypo\u017cyczenia takie dotycz\u0105 tych dokument\u00f3w, kt\u00f3rych nie ma na terenie Che\u0142ma. Sprowadzone materia\u0142y udost\u0119pnia si\u0119 na miejscu w Czytelni G\u0142\u00f3wnej w okresie wyznaczonym przez bibliotek\u0119. Zam\u00f3wienia nale\u017cy sk\u0142ada\u0107 osobi\u015bcie w [&hellip;]<\/p>\n","protected":false},"author":1,"featured_media":0,"parent":0,"menu_order":0,"comment_status":"closed","ping_status":"closed","template":"","meta":{"footnotes":""},"class_list":["post-28","page","type-page","status-publish","hentry"],"_links":{"self":[{"href":"https:\/\/biblioteka.panschelm.edu.pl\/index.php?rest_route=\/wp\/v2\/pages\/28","targetHints":{"allow":["GET"]}}],"collection":[{"href":"https:\/\/biblioteka.panschelm.edu.pl\/index.php?rest_route=\/wp\/v2\/pages"}],"about":[{"href":"https:\/\/biblioteka.panschelm.edu.pl\/index.php?rest_route=\/wp\/v2\/types\/page"}],"author":[{"embeddable":true,"href":"https:\/\/biblioteka.panschelm.edu.pl\/index.php?rest_route=\/wp\/v2\/users\/1"}],"replies":[{"embeddable":true,"href":"https:\/\/biblioteka.panschelm.edu.pl\/index.php?rest_route=%2Fwp%2Fv2%2Fcomments&post=28"}],"version-history":[{"count":11,"href":"https:\/\/biblioteka.panschelm.edu.pl\/index.php?rest_route=\/wp\/v2\/pages\/28\/revisions"}],"predecessor-version":[{"id":1189,"href":"https:\/\/biblioteka.panschelm.edu.pl\/index.php?rest_route=\/wp\/v2\/pages\/28\/revisions\/1189"}],"wp:attachment":[{"href":"https:\/\/biblioteka.panschelm.edu.pl\/index.php?rest_route=%2Fwp%2Fv2%2Fmedia&parent=28"}],"curies":[{"name":"wp","href":"https:\/\/api.w.org\/{rel}","templated":true}]}}