{"id":926,"date":"2021-09-24T10:03:20","date_gmt":"2021-09-24T08:03:20","guid":{"rendered":"http:\/\/biblioteka.pwszchelm.edu.pl\/?page_id=926"},"modified":"2026-03-11T11:40:15","modified_gmt":"2026-03-11T10:40:15","slug":"e-zasoby-pedagogika-stosunki-miedzynarodowe-bezpieczenstwo-wewnetrzne","status":"publish","type":"page","link":"https:\/\/biblioteka.panschelm.edu.pl\/?page_id=926","title":{"rendered":"E-zasoby: Pedagogika, Stosunki Mi\u0119dzynarodowe, Bezpiecze\u0144stwo Wewn\u0119trzne"},"content":{"rendered":"<h2><strong>E-zasoby: Pedagogika, Stosunki Mi\u0119dzynarodowe, Bezpiecze\u0144stwo Wewn\u0119trzne<\/strong><\/h2>\n<ul>\n<li><a href=\"#Bazy_licencjonowane\">Bazy licencjonowane<\/a><\/li>\n<li><a href=\"#Bazy\">Bazy<\/a><\/li>\n<li><a href=\"#Czasopisma_on-line\">Czasopisma on-line<\/a><\/li>\n<li><a href=\"#Portale_informacyjne\">Portale informacyjne<\/a><\/li>\n<\/ul>\n<h2><strong>E- zasoby wed\u0142ug dziedzin:<\/strong><\/h2>\n<ul>\n<li><a href=\"https:\/\/biblioteka.panschelm.edu.pl\/?page_id=44\">E-zasoby og\u00f3lne<\/a><\/li>\n<li><a href=\"https:\/\/biblioteka.panschelm.edu.pl\/?page_id=926\">Pedagogika, Stosunki Mi\u0119dzynarodowe, Bezpiecze\u0144stwo Wewn\u0119trzne<\/a><\/li>\n<li><a href=\"https:\/\/biblioteka.panschelm.edu.pl\/?page_id=931\">Matematyka, Mechanika, Budownictwo, Lotnictwo. Elektrotechnika<\/a><\/li>\n<li><a href=\"https:\/\/biblioteka.panschelm.edu.pl\/?page_id=933\">Neofilologia<\/a><\/li>\n<li><a href=\"https:\/\/biblioteka.panschelm.edu.pl\/?page_id=935\">Medycyna, Piel\u0119gniarstwo<\/a><\/li>\n<li><a href=\"https:\/\/biblioteka.panschelm.edu.pl\/?page_id=937\">Rolnictwo, Dietetyka<\/a><\/li>\n<\/ul>\n<hr \/>\n<h3><strong><a id=\"Bazy_licencjonowane\"><\/a>Bazy licencjonowane<\/strong><\/h3>\n<p>Bazy, do kt\u00f3rych Biblioteka PANS w Che\u0142mie ma dost\u0119p p\u0142atny (na podstawie um\u00f3w i licencji). Z tych \u017ar\u00f3de\u0142 mog\u0105 skorzysta\u0107 pracownicy oraz studenci PANS w Che\u0142mie. Aby uzyska\u0107 dost\u0119p nale\u017cy si\u0119 skontaktowa\u0107 z Bibliotek\u0105.<\/p>\n<p>&nbsp;<\/p>\n<p><strong><u>EBSCO<\/u> <\/strong>serwis oferuje dost\u0119p do pe\u0142nych tekst\u00f3w oraz spis\u00f3w tre\u015bci i abstrakt\u00f3w zagranicznych czasopism, tak\u017ce naukowych, obejmuj\u0105cych szeroki zakres dziedzinowy: nauki \u015bcis\u0142e, humanistyczne, spo\u0142eczne, psychologi\u0119, religi\u0119, teologi\u0119, edukacj\u0119, nauki ekonomiczne, biznes, informatyk\u0119, technik\u0119, biologi\u0119, chemi\u0119, fizyk\u0119, nauki medyczne i wiele innych. \u00a0Dost\u0119p do publikacji\u00a0 na Uczelni\u00a0 lub spoza sieci uczelnianej.<br \/>\n<a href=\"http:\/\/search.ebscohost.com\/\">http:\/\/search.ebscohost.com<\/a><\/p>\n<p><strong><u>IBUK Libra<\/u><\/strong> \u00a0\u00a0Baza ksi\u0105\u017cek elektronicznych zawieraj\u0105ca podr\u0119czniki akademickie i publikacje naukowe.\u00a0 Dost\u0119p do publikacji\u00a0 na Uczelni\u00a0 lub spoza sieci uczelnianej na stronie libra.ibuk.pl. Uwaga! \u00a0\u00a0\u00a0Aby m\u00f3c korzysta\u0107 z zaawansowanych funkcji, nale\u017cy jednorazowo utworzy\u0107 swoje osobiste konto myIbuk.<br \/>\n<a href=\"https:\/\/libra.ibuk.pl\/\">https:\/\/libra.ibuk.pl\/<\/a><\/p>\n<p><strong><u>WBN<\/u> &#8211; <\/strong><strong>Wirtualna Biblioteka Nauki<\/strong>\u00a0 Wybrane zasoby Wirtualnej Biblioteki Nauki tworzone przez ICM (Interdyscyplinarne Centrum Modelowania Matematycznego i\u00a0 Komputerowego Uniwersytetu Warszawskiego)<\/p>\n<p><strong>Dost\u0119p tylko z komputer\u00f3w na Uczelni<\/strong>.<\/p>\n<p>Wyszukiwarki zasob\u00f3w Science Direct (Elsevier) , Springer , Wiley Online Library, bazy cytowa\u0144 i abstraktowe (Scopus, Web of Science)<br \/>\n<a href=\"https:\/\/wbn.icm.edu.pl\/\">https:\/\/wbn.icm.edu.pl\/<\/a><\/p>\n<h3><strong><a id=\"Bazy\"><\/a>Bazy<\/strong><\/h3>\n<ul>\n<li><a href=\"https:\/\/bazhum.muzhp.pl\/\">https:\/\/bazhum.muzhp.pl\/<\/a> \u00a0&#8211; \u00a0pe\u0142notekstowa \u00a0baza zawarto\u015bci polskich czasopism naukowych z zakresu humanistyki i innych nauk spo\u0142ecznych<\/li>\n<li><a href=\"https:\/\/digit.pism.pl\/dlibra\">https:\/\/digit.pism.pl\/dlibra<\/a> &#8211; Biblioteka Cyfrowa Polskiego Instytutu Spraw Mi\u0119dzynarodowych<\/li>\n<li><a href=\"https:\/\/bg.uph.edu.pl\/zasoby\/problemy-niepelnosprawnych\">https:\/\/bg.uph.edu.pl\/zasoby\/problemy-niepelnosprawnych<\/a> &#8211; wielodziedzinowa, bibliograficzna baza tworzona\u00a0 przez pracownik\u00f3w Oddzia\u0142u Informacji Naukowej Biblioteki G\u0142\u00f3wnej Uniwersytetu Przyrodniczo Humanistycznego w Siedlcach dotycz\u0105ca problematyki niepe\u0142nosprawno\u015bci \u00a0(prawo, rehabilitacja, edukacja\u2026)<\/li>\n<li><a href=\"https:\/\/biblioteka.womczest.edu.pl\/new\/webowa-biblioteka\">https:\/\/biblioteka.womczest.edu.pl\/new\/webowa-biblioteka<\/a> \u00a0\u00a0\u00a0&#8211; baza\u00a0Biblioteki Webowej\u00a0 udost\u0119pniona do\u00a0wykorzystania w\u00a0pracy dydaktycznej i\u00a0naukowej nauczycieli wszystkich typ\u00f3w szk\u00f3\u0142 i\u00a0plac\u00f3wek.<\/li>\n<li><a href=\"http:\/\/cejsh.icm.edu.pl\/cejsh\">http:\/\/cejsh.icm.edu.pl\/cejsh<\/a>\u00a0 &#8211; baza danych, artyku\u0142\u00f3w i streszcze\u0144 z zakresu nauk humanistycznych i medycznych w j\u0119zykach narodowych\u00a0 (obejmuje Europ\u0119 \u015arodkow\u0105)<\/li>\n<li><a href=\"http:\/\/psjd.icm.edu.pl\/psjd\/browse\/articles-psjd.action\">http:\/\/psjd.icm.edu.pl\/psjd\/browse\/articles-psjd.action<\/a> \u00a0&#8211; baza artyku\u0142\u00f3w z zakresu nauk \u015bcis\u0142ych i medycyny<\/li>\n<li><a href=\"http:\/\/bazekon.icm.edu.pl\/bazekon\/browse\/articles.action\">http:\/\/bazekon.icm.edu.pl\/bazekon\/browse\/articles.action<\/a>\u00a0 &#8211; baza zawieraj\u0105ca abstrakty lub artyku\u0142y z zakresu nauk ekonomicznych i pokrewnych<\/li>\n<li><a href=\"https:\/\/aleph.uni.opole.pl\/F\/?func=find-b-0&amp;local_base=uop03\">https:\/\/aleph.uni.opole.pl\/F\/?func=find-b-0&amp;local_base=uop03<\/a> &#8211; bibliograficzna baza artyku\u0142\u00f3w PEDAGOG<\/li>\n<li><a href=\"https:\/\/czasopisma.pan.pl\/dlibra\/journals-index?branch=47173&amp;ipp=40&amp;p=0\">https:\/\/czasopisma.pan.pl\/dlibra\/journals-index?branch=47173&amp;ipp=40&amp;p=0<\/a> \u2013 \u00a0baza czasopism \u00a0PAN z zakresu nauk humanistycznych i spo\u0142ecznych<\/li>\n<li><a href=\"https:\/\/digitallibrary.un.org\/\">https:\/\/digitallibrary.un.org\/<\/a> -baza biblioteki ONZ<\/li>\n<li><a href=\"http:\/\/zbrojownia.cbw.wp.mil.pl:8080\/dlibra\">http:\/\/zbrojownia.cbw.wp.mil.pl:8080\/dlibra<\/a>\u00a0\u00a0 &#8211; Cyfrowa Biblioteka Wojskowa &#8211; serwis tworzony przez\u00a0 Centraln\u0105 Bibliotek\u0119 Wojskow\u0105<\/li>\n<li><a href=\"https:\/\/www.wojsko-polskie.pl\/aszwoj\/publikacje-i-raporty\">https:\/\/www.wojsko-polskie.pl\/aszwoj\/publikacje-i-raporty<\/a>\u00a0 &#8211; publikacje i raporty Akademii Sztuki Wojennej<\/li>\n<\/ul>\n<h3><strong><a id=\"Czasopisma_on-line\"><\/a>Czasopisma on-line<\/strong><\/h3>\n<ul>\n<li><a href=\"https:\/\/czasopisma.uni.opole.pl\/index.php\/p\">https:\/\/czasopisma.uni.opole.pl\/index.php\/p<\/a> &#8211; Border and Regional Studies -Uniwersytetu Opolskiego. Poprzednio: Pogranicze. Polish Borderlands Studies (2013-2020)<\/li>\n<li><a href=\"http:\/\/swe.uw.edu.pl\/\">http:\/\/swe.uw.edu.pl\/<\/a> &#8211; Studia Wschodnioeuropejskie &#8211; wydawane przez Wydzia\u0142 Nauk Politycznych i Studi\u00f3w Mi\u0119dzynarodowych Uniwersytetu Warszawskiego<\/li>\n<li><a href=\"https:\/\/ksm.ka.edu.pl\/roczniki\/\">https:\/\/ksm.ka.edu.pl\/roczniki\/<\/a> &#8211;\u00a0\u00a0 Krakowskie Studia Mi\u0119dzynarodowe \u2013wydawane przez Krakowsk\u0105 Akademi\u0119 im. Andrzeja Frycza Modrzewskiego<\/li>\n<li><a href=\"https:\/\/inp.uj.edu.pl\/biuletyn-miedzynarodowy\">https:\/\/inp.uj.edu.pl\/biuletyn-miedzynarodowy<\/a>\u00a0\u00a0 -Biuletyn Mi\u0119dzynarodowy \u2013 wydawany przez Uniwersytet Jagiello\u0144ski<\/li>\n<li><a href=\"https:\/\/www.bbn.gov.pl\/pl\/informacje-o-bbn\/publikacje\">https:\/\/www.bbn.gov.pl\/pl\/informacje-o-bbn\/publikacje<\/a> &#8211; publikacje Biura Bezpiecze\u0144stwa Narodowego<\/li>\n<li><a href=\"http:\/\/bip.kgp.policja.gov.pl\/kgp\/biuletyn-prawny-kgp\/4846,dok.html\">http:\/\/bip.kgp.policja.gov.pl\/kgp\/biuletyn-prawny-kgp\/4846,dok.html<\/a> \u2013 Biuletyn Prawny Komendy G\u0142\u00f3wnej Policji<\/li>\n<li><a href=\"https:\/\/www.abw.gov.pl\/pl\/pbw\/publikacje\">https:\/\/www.abw.gov.pl\/pl\/pbw\/publikacje<\/a>\u00a0 &#8211; Przeglad\u00a0 Bezpiecze\u0144stwa Wewnetrznego &#8211; publikacja Agencji Bezpiecze\u0144stwa Publicznego<\/li>\n<li><a href=\"http:\/\/pwp.edu.pl\/page\/display\/id\/1\/title\/home-page\">http:\/\/pwp.edu.pl\/page\/display\/id\/1\/title\/home-page<\/a> &#8211; \u00a0The Prison Systems Review (poprzednio jako Przegl\u0105d Wi\u0119ziennictwa Polskiego) &#8211; \u00a0czasopismo wydawane przez Szko\u0142\u0119 Wy\u017csz\u0105 Wymiaru Sprawiedliwo\u015bci<\/li>\n<li><a href=\"https:\/\/czasopisma.ignatianum.edu.pl\/eetp\/index\">https:\/\/czasopisma.ignatianum.edu.pl\/eetp\/index<\/a> &#8211; Edukacja Elementarna w Teorii i Praktyce \u2013 kwartalnik Akademii Ignatianum w Krakowie<\/li>\n<li><a href=\"https:\/\/www.ibe.edu.pl\/index.php\/pl\/o-czasopismie\">https:\/\/www.ibe.edu.pl\/index.php\/pl\/o-czasopismie<\/a> &#8211; Kwartalnik Edukacja &#8211; publikacja Instytutu Bada\u0144 Edukacyjnych<\/li>\n<li><a href=\"http:\/\/sprawymiedzynarodowe.waw.pl\">http:\/\/sprawymiedzynarodowe.waw.pl<\/a> \u2013 Sprawy Mi\u0119dzynarodowe \u2013 wydawane przez Instytut Studi\u00f3w Politycznych PAN<\/li>\n<li><a href=\"http:\/\/www.irjournal.pl\/\">http:\/\/www.irjournal.pl\/<\/a> &#8211; Stosunki Mi\u0119dzynarodowe. International Relations \u2013 wydawnictwo Wydzia\u0142u Nauk Politycznych i Studi\u00f3w Mi\u0119dzynarodowych Uniwersytetu Warszawskiego<\/li>\n<li><a href=\"https:\/\/journalse.com\/\">https:\/\/journalse.com\/<\/a> &#8211; Studia Europejskie. Studies in European Affairs \u2013 wydawane przez Centrum Europejskie Uniwersytetu Warszawskiego<\/li>\n<li><a href=\"https:\/\/przegladeuropejski.com.pl\/resources\/html\/cms\/MAINPAGE\">https:\/\/przegladeuropejski.com.pl\/resources\/html\/cms\/MAINPAGE<\/a> &#8211; czasopismo wydawane przez Wydzia\u0142 Nauk Politycznych i Studi\u00f3w Mi\u0119dzynarodowych Uniwersytetu Warszawskiego<\/li>\n<\/ul>\n<h3><strong><a id=\"Portale_informacyjne\"><\/a>Portale informacyjne<\/strong><\/h3>\n<ul>\n<li><a href=\"https:\/\/pedagogika-specjalna.edu.pl\">https:\/\/pedagogika-specjalna.edu.pl<\/a> \u2013 portal dla nauczycieli<\/li>\n<li><a href=\"https:\/\/epedagogika.pl\">https:\/\/epedagogika.pl<\/a> \u2013 portal dla nauczycieli i pedagog\u00f3w<\/li>\n<li><a href=\"http:\/\/www.psychologia.edu.pl\/\">http:\/\/www.psychologia.edu.pl\/<\/a> &#8211; strona Instytutu Psychologii Zdrowia Polskiego Towarzystwa Psychologicznego<\/li>\n<li><a href=\"https:\/\/kangur.uek.krakow.pl\/biblioteka\/ekonomia\/\">https:\/\/kangur.uek.krakow.pl\/\/biblioteka\/ekonomia\/<\/a> &#8211; serwis ekonomiczny, kieruj\u0105cy czytelnika do internetowych \u017ar\u00f3de\u0142 informacji polskich i zagranicznych opracowany przez Uniwersytet Ekonomiczny w Krakowie<\/li>\n<li><a href=\"https:\/\/brpd.gov.pl\/ksiazki-informatory-poradniki\/\">https:\/\/brpd.gov.pl\/ksiazki-informatory-poradniki\/<\/a> &#8211; publikacje na temat praw dziecka dost\u0119pne na stronie Rzecznika Praw Dziecka<\/li>\n<\/ul>\n","protected":false},"excerpt":{"rendered":"<p>E-zasoby: Pedagogika, Stosunki Mi\u0119dzynarodowe, Bezpiecze\u0144stwo Wewn\u0119trzne Bazy licencjonowane Bazy Czasopisma on-line Portale informacyjne E- zasoby wed\u0142ug dziedzin: E-zasoby og\u00f3lne Pedagogika, Stosunki Mi\u0119dzynarodowe, Bezpiecze\u0144stwo Wewn\u0119trzne Matematyka, Mechanika, Budownictwo, Lotnictwo. Elektrotechnika Neofilologia Medycyna, Piel\u0119gniarstwo Rolnictwo, Dietetyka Bazy licencjonowane Bazy, do kt\u00f3rych Biblioteka PANS w Che\u0142mie ma dost\u0119p p\u0142atny (na podstawie um\u00f3w i licencji). Z tych \u017ar\u00f3de\u0142 mog\u0105 [&hellip;]<\/p>\n","protected":false},"author":1,"featured_media":0,"parent":0,"menu_order":0,"comment_status":"closed","ping_status":"closed","template":"","meta":{"footnotes":""},"class_list":["post-926","page","type-page","status-publish","hentry"],"_links":{"self":[{"href":"https:\/\/biblioteka.panschelm.edu.pl\/index.php?rest_route=\/wp\/v2\/pages\/926","targetHints":{"allow":["GET"]}}],"collection":[{"href":"https:\/\/biblioteka.panschelm.edu.pl\/index.php?rest_route=\/wp\/v2\/pages"}],"about":[{"href":"https:\/\/biblioteka.panschelm.edu.pl\/index.php?rest_route=\/wp\/v2\/types\/page"}],"author":[{"embeddable":true,"href":"https:\/\/biblioteka.panschelm.edu.pl\/index.php?rest_route=\/wp\/v2\/users\/1"}],"replies":[{"embeddable":true,"href":"https:\/\/biblioteka.panschelm.edu.pl\/index.php?rest_route=%2Fwp%2Fv2%2Fcomments&post=926"}],"version-history":[{"count":9,"href":"https:\/\/biblioteka.panschelm.edu.pl\/index.php?rest_route=\/wp\/v2\/pages\/926\/revisions"}],"predecessor-version":[{"id":1333,"href":"https:\/\/biblioteka.panschelm.edu.pl\/index.php?rest_route=\/wp\/v2\/pages\/926\/revisions\/1333"}],"wp:attachment":[{"href":"https:\/\/biblioteka.panschelm.edu.pl\/index.php?rest_route=%2Fwp%2Fv2%2Fmedia&parent=926"}],"curies":[{"name":"wp","href":"https:\/\/api.w.org\/{rel}","templated":true}]}}